be -1 - 3 - (-4)/(-2). Suppose 3*c + 0*m = 3*m + 15, -4*c = 3*m - 55. Let z = x + c. Calculate u(z).
5
Let z = 5 - 5. Let b(k) = k + 0*k + 0 + z*k - 4. What is b(0)?
-4
Let f = -2 - -5. Let j(h) = h**f - 1 + 0*h + 3*h**2 + 4*h - 2*h. Give j(-2).
-1
Let u(l) = 0 + 5*l**3 - 4*l**3 + 3 - 2 - l. Calculate u(0).
1
Suppose -a + 2*b + 4 - 6 = 0, 4*a - 3*b = 2. Let n(z) = 2*z - z**a + 1 - 1. What is n(2)?
0
Let l = 6 - 8. Let o(r) = 5*r + 2. Calculate o(l).
-8
Let x(w) = w**2 + 1. Let d(j) = -3*j**2 - 8*j - 9. Let r(q) = d(q) + 4*x(q). Calculate r(9).
4
Let z be (0 + 0/1)*-1. Suppose -5*b = j + 19, -2*b - 5 = -z*b + 3*j. Let h(k) = -k**2 - 25*k - 3 + 19*k + 3 - 4. Give h(b).
4
Let i(t) = -5*t**2 + 3*t - 3 - 7*t + 4*t**2. Suppose 0 = -l - 1, -3*a + 5*l - 23 = -5*a. Let q = 10 - a. Determine i(q).
-3
Suppose -3*b + 3*z = 9, -b + 2*z - 2 = 3*b. Let f(t) = 2 - 3*t**2 - 4 + b*t**2. Let i(k) = k**3 - 5*k**2 - 2*k + 10. Let x be i(5). What is f(x)?
-2
Let v(s) be the third derivative of -1/12*s**4 + 0*s**5 + s**2 + 0*s + 1/30*s**6 + 0 - 1/6*s**3. Suppose -5*x - 3*g + 4 = 0, 3*x = 3*g - 18 + 6. What is v(x)?
-3
Suppose -3 + 2 = -p. Let g(k) = k + 1. Give g(p).
2
Let p(v) be the third derivative of -v**4/12 + 3*v**2. What is p(-3)?
6
Suppose 5*y + 2*u = 27 + 3, -5*u - 24 = -4*y. Let v(h) = -92*h - 4*h**2 - 4 + 98*h + 3*h**2. Give v(y).
-4
Let z(a) = a**2 + 1 - 2*a - 2*a - 9. Give z(7).
13
Let n(r) be the second derivative of r**3/6 - r**2 + 9*r. Give n(1).
-1
Let y(z) = 8*z + 8*z + 2 - 21*z + 6*z. Determine y(-5).
-3
Suppose 4*x - 3*x = 0. Let s(u) be the third derivative of 3*u**2 + 1/24*u**4 + 0*u**3 + x + 0*u. What is s(-3)?
-3
Let r be ((-5)/(-2 + 1))/(13 - 14). Let z(f) = -f**2 - 8*f - 6. Calculate z(r).
9
Let k(n) = -n**3 - 4*n**2 + 2. Suppose -2*w - 6 = -3*a, w = 5*a - 2 - 1. Calculate k(w).
-7
Let i(r) = -r**3 + 5*r**2 + r + 1. Suppose 3*b = 5*q, -b - 2*b - 5*q + 30 = 0. Let z be i(b). Let g(y) = y - z - 2 + 1. Give g(0).
-7
Let m(c) = c**3 - 2*c - 1. Let b(l) = l + 2. Let f(v) = -3*v**2 + v - 1. Let o be f(1). Let n be b(o). Give m(n).
0
Let u(v) = -10*v**2 - 4*v + 7. Let x(b) = -10*b**2 - 5*b + 8. Let t be -2 + 1 + 5/(-1). Let p(i) = t*x(i) + 7*u(i). What is p(-1)?
-11
Let s = 0 - -2. Let o(j) = 3*j - 3*j**2 - 3*j**3 - 3 + 4*j**3 + s*j**2. Suppose -3*y + 10 = 4*v - 4*y, -12 = -2*v + 4*y. Give o(v).
7
Let m(q) = 3*q**2 + 12*q - 14. Let v(h) = -h**2 - 6*h + 7. Let b(c) = -2*m(c) - 5*v(c). Give b(6).
-7
Let p(g) = -8 + 0 - 3*g + 2*g - 3. Let y(j) = -j**2 - 6*j + 7. Suppose 5*u + 2*t + 2*t + 47 = 0, -4*t = -u + 5. Let a be y(u). Calculate p(a).
-11
Let h(f) be the third derivative of f**5/60 + 3*f**4/8 - 7*f**3/6 + 30*f**2. Give h(-8).
-15
Let p(a) = -9*a - 15. Let r(o) = -5*o - 7. Let x(j) = -4*p(j) + 7*r(j). What is x(-7)?
4
Let t(m) = 4*m + 1. Suppose -3 = 2*u - 5*u. Let o be t(u). Let y(p) = -p + 38*p**3 + p**2 + 4*p**2 + 2 - 39*p**3 + 0*p. Give y(o).
-3
Let w(k) be the second derivative of k**3/6 - k**2 - 3*k. Let v be (2/(-4))/((-2)/4). Let p = v - 1. Determine w(p).
-2
Let v(m) = m**2 + 4*m + 6. Suppose s - 4 = 3*f, 0 = -4*f + 3*s - 15 + 3. Suppose 0 = -2*b + 4*c - 20, -5*b - 2*c + 7*c - 35 = f. Calculate v(b).
6
Let w = 7 + -7. Suppose w = 4*d + l + 12, -3*d + 4*l = -0*d + 9. Let g(q) = -4*q - 4. Give g(d).
8
Let m be 1 - (-1 + 0) - -2. Let b be (2/m)/((-2)/(-20)). Suppose -4*w = -5*w + b. Let z(i) = i. Give z(w).
5
Let k be (0 + 6)*(-2)/4. Let s(z) = -2*z**2 - 2*z. Determine s(k).
-12
Let m(v) = v + 1. Let d(x) = 3*x + 3. Let r(q) = 2*d(q) - 5*m(q). Suppose 4*u - u - 45 = 0. Let t = u + -10. Determine r(t).
6
Let n = -32 - -26. Let b(q) = -q**2 - 4*q + 6. Calculate b(n).
-6
Let r(m) be the second derivative of -m**3/3 + m**2/2 - 6*m. Let c(b) = -b**3 - 6*b**2 - 6. Let h be c(-6). Determine r(h).
13
Let i(m) = m**2 - 7*m - 3. Let y be 18*-1*((-16)/12 - -1). Determine i(y).
-9
Let x(p) be the first derivative of 3 + 2*p - 2 - p**2 + 1. Calculate x(5).
-8
Let w(a) = 3*a**2 - 1. Let v(k) = k**2 + k. Let h(p) = -4*v(p) + 2*w(p). What is h(4)?
14
Suppose 2*q = 6, -5*b + 0*q - 6 = -2*q. Let p(o) = o**2 + 0*o**2 + 6*o + b*o**2 + 4 + 0. Calculate p(-5).
-1
Let p(g) = -g**2 + g + 1. Let d(q) = -q**3 - 8*q**2 + 4*q + 4. Suppose 0*s + 2*s + 2 = 0. Let j(n) = s*d(n) + 6*p(n). What is j(-2)?
-2
Let k(v) = 5*v**3 + v**3 + 4*v**3 - 3*v**3 + 1. Let u be k(-1). Let b(q) = -5*q**2 - q + 6. Let h(x) = -6*x**2 + 7. Let s(m) = -5*b(m) + 4*h(m). Give s(u).
4
Let a(t) be the first derivative of -t**4/4 + t**3 - t**2 + 2*t - 11. Calculate a(2).
2
Suppose 10*u + 35 = 5*u. Let s(q) = -q - 1. Give s(u).
6
Let z(l) = -l - 3. Let x(m) = -m - 3. Let k(f) = 4*x(f) - 3*z(f). Let a(y) = 2*y + 5. Let u = -6 + 11. Let n(s) = u*k(s) + 3*a(s). Determine n(5).
5
Let m(u) be the third derivative of u**4/12 + u**3/2 + u**2. Let c be (0 + -1)/((-1)/(-5)). Calculate m(c).
-7
Let w(z) be the second derivative of 5/12*z**4 - 1/20*z**5 + 0 - 1/6*z**3 + 1/2*z**2 - 4*z. Give w(5).
-4
Let u = 188 + -193. Let h(x) = -x**3 - 5*x**2 + 6*x + 6. Calculate h(u).
-24
Let r(x) = -x. Let u = -27 - -25. Let y(a) = -a**2 - 3*a - 1. Let o(g) = u*y(g) + 4*r(g). Let h(m) = -m**2 - 6*m - 2. Let n be h(-6). Calculate o(n).
6
Let r(q) = 4*q - 3. Let b be 0 + (5 - 3) - -1. What is r(b)?
9
Let i be -2 - -8*1/2. Let y(r) be the second derivative of 1/3*r**4 + 5/2*r**2 + i*r - 1/20*r**5 + 0 + 1/6*r**3. Give y(4).
9
Let a(n) = -2*n**2 - 22*n + 10. Let c(w) = -w**2 - 9*w + 4. Suppose 7 - 27 = -4*o. Let h(m) = o*a(m) - 12*c(m). Calculate h(2).
6
Let z(u) = u**3 + 4*u**2 + 4*u + 1. Let r(y) = 6*y**2 + y - 1. Let q be r(1). Suppose -7*d + 9*d = -q. What is z(d)?
-2
Suppose -17 = -5*t + 18. Let v be (1 - 2)*(-3 + t). Let z(n) = n**3 + 4*n**2 - n - 5. Determine z(v).
-1
Let g be -2*(0 + 9/(-6)). Let w(v) = -4*v - g*v**2 + 0 + 2*v + 1 + 3*v. Give w(-1).
-3
Let l(u) be the first derivative of -u**3/3 - 2*u**2 + 2*u + 52. Give l(-3).
5
Let b(i) = -4*i**2 + 2*i**3 - 2 + 7*i - i**3 - 3*i**2. Suppose -3*h + 48 = -3*j, -5*j + 4*j = 4*h - 4. Let s = j - -18. Calculate b(s).
4
Suppose 30 = 4*j - 7*j. Let g be (0 - 1)*j/(-2). Let q(c) = -2 - 5 - 2*c + c. Determine q(g).
-2
Let l(f) = -f**2 - f + 4. Suppose 3*g + 8 + 4 = 0. Calculate l(g).
-8
Let q(k) = -k**2 + 6*k - 1. Let x(u) = 4*u**2 - 17*u + 3. Let w(m) = 7*q(m) + 2*x(m). Calculate w(-6).
-13
Suppose 0*w = 5*w + 25. Let m(v) = v**2 - 8. Suppose -5*a = l - 29, l + 6 = -0*a + 2*a. Let r(y) = y**2 - y - 8. Let c(u) = l*r(u) + w*m(u). Determine c(-6).
-4
Let i = -5 + 1. Let b(d) = 1. Suppose -n = -0*n + 1. Let o(s) = s + 4. Let q(f) = n*o(f) + 6*b(f). Give q(i).
6
Let m(i) be the first derivative of -i**3/3 + 3*i**2 + 2*i - 1. Suppose 10*h - 66 = -h. Calculate m(h).
2
Let a(z) = -13*z + 3. Let f = -8 + 10. Let i(r) = -3*r + 1. Let c(n) = f*a(n) - 9*i(n). Determine c(-4).
-7
Let m = -14 + 28. Let u be (-130)/35 + (-4)/m. Let z(g) = -3*g - 6. Give z(u).
6
Let h be 2/(-12) - (-124)/24. Let u(p) = -p + 2 - 4 + 8 + h. Let r be 0*1/(2 + -3). Determine u(r).
11
Let y(v) = v + 6. Let q be y(-4). Let r(f) = 3*f**3 - 2*f**2 + f + 1. Calculate r(q).
19
Let p be 3 + 7/((-14)/(-24)). Let g = 9 - p. Let a(f) = f + 3. Give a(g).
-3
Let f(n) = 2*n**3 - n**2 + 35 - 2*n - 70 - 12*n**3 + 34. Let m(p) = p**3 - 1. Let z be m(0). Calculate f(z).
10
Let c(p) = -26*p**3 - 1. Let h be ((-4)/(-8))/((-5)/(-10)). Determine c(h).
-27
Let u(f) = -3*f + 2. Let l(z) = -z**3 - 6*z**2 - 4. Let w be l(-6). Let a be 1/2*(0 + w). Calculate u(a).
8
Let p = -52 - -52. Let b(j) be the first derivative of -j**3 - 1/2*j**2 + p*j + 2. What is b(-1)?
-2
Let r = -3459/20 - -173. Let q(y) be the second derivative of -r*y**5 - 1/6*y**3 + y + 0 - 3*y**2 + 1/12*y**4. What is q(0)?
-6
Let i(l) = -l**3 - 4*l**2 - l + 1. Suppose -2*w + 5 - 13 = 0. Let r be i(w). Let j be (-22)/r - 12/20. Let d(h) = h**3 + 4*h**2 - 4*h + 3. What is d(j)?
-2
Let f = -16 - -21. Let t(r) = f - 2 - 2*r - 2. Calculate t(4).
-7
Let c(m) = 7 + 6*m**2 - 5*m**2 - 5*m**2 - m**3 + 7*m. Let a = -16 - -11. Give c(a).
-3
Let h(u) = -u**2 - 5*u + 1. Let v = 17 - 14. Let k be (v/9)/(3/(-45)). What is h(k)?
1
Let z(k) = 4*k - 3. Let b be ((-28)/10)/(-10 - (-288)/30). Give z(b).
25
Let d be 3 - 54/21 - (-10)/(-7). Let c(k) = -8*k + 1. Give c(d).
9
Let v(r) = 4*r